{"id":1138,"date":"2018-09-24T18:16:34","date_gmt":"2018-09-24T18:16:34","guid":{"rendered":"https:\/\/actualizando.site\/fospuca\/?page_id=1138"},"modified":"2021-03-16T20:11:08","modified_gmt":"2021-03-16T20:11:08","slug":"inversiones-fospuca-baruta-c-a","status":"publish","type":"page","link":"https:\/\/actualizando.site\/fospuca\/inversiones-fospuca-baruta-c-a\/","title":{"rendered":"INVERSIONES FOSPUCA BARUTA, C.A."},"content":{"rendered":"<p>[vc_row css_animation=\u00bb\u00bb row_type=\u00bbrow\u00bb use_row_as_full_screen_section=\u00bbno\u00bb type=\u00bbgrid\u00bb angled_section=\u00bbno\u00bb text_align=\u00bbleft\u00bb background_image_as_pattern=\u00bbwithout_pattern\u00bb z_index=\u00bb\u00bb el_class=\u00bbcentrar-vertical\u00bb css=\u00bb.vc_custom_1537813426960{padding-top: 50px !important;padding-bottom: 50px !important;}\u00bb][vc_column width=\u00bb1\/2&#8243; offset=\u00bbvc_hidden-sm vc_hidden-xs\u00bb][vc_single_image image=\u00bb1694&#8243; img_size=\u00bbfull\u00bb alignment=\u00bbcenter\u00bb qode_css_animation=\u00bb\u00bb][\/vc_column][vc_column width=\u00bb1\/2&#8243;][vc_column_text css=\u00bb.vc_custom_1549573128364{padding-bottom: 20px !important;}\u00bb]<\/p>\n<div class=\"row\">\n<div class=\"col-md-12\">\n<div class=\"home-\">\n<div class=\"row\">\n<div class=\"col-md-12\">\n<div class=\"home-\">\n<h1 style=\"text-align: center;\">INVERSIONES FOSPUCA BARUTA, C.A.<\/h1>\n<\/div>\n<\/div>\n<\/div>\n<\/div>\n<\/div>\n<\/div>\n<p>[\/vc_column_text][vc_column_text]En Fospuca nos esmeramos por realizar el servicio integral de Aseo Urbano en los 85 Km2 que comprenden el Municipio Baruta del estado Miranda. Una labor que\u00a0 beneficia\u00a0 a m\u00e1s de 400 mil usuarios residenciales, comerciales y visitantes, que se ven favorecidos con la limpieza de calles, aceras, islas, avenidas, bulevares y plazas de esta ic\u00f3nica jurisdicci\u00f3n de la ciudad capital.<\/p>\n<p>&nbsp;<\/p>\n<p>Recogemos un aproximado de 100.000 toneladas m\u00e9tricas anuales de residuos s\u00f3lidos generados por inmuebles de uso residencial y jur\u00eddico, tanto p\u00fablico como privado;\u00a0 as\u00ed como el traslado de estos desechos hasta su destino final.<\/p>\n<p>&nbsp;<\/p>\n<p>Del mismo modo, la Empresa, a trav\u00e9s de nuestro talento humano, ejecuta el barrido manual en diversos sectores del municipio y lavado de \u00e1reas p\u00fablicas mediante el baldeo de baja y alta presi\u00f3n.<\/p>\n<p>&nbsp;<\/p>\n<p>Fospuca Baruta C.A, en aras de ofrecer un servicio integral en pro de la comunidad barute\u00f1a, realiza tambi\u00e9n servicios adicionales \u00fanicamente bajo la solicitud y coordinaci\u00f3n de la Direcci\u00f3n de \u00c1reas Verdes de la Alcald\u00eda de Baruta. Esta labor comprende el retiro de restos animales, cachivaches y chatarra, traslado de desechos vegetales de gran magnitud\u00a0 (troncos, ramas) y el transporte de sustancias qu\u00edmicas o biol\u00f3gicas que pueden producir da\u00f1os a la salud, a la propiedad o al ambiente.<\/p>\n<p>&nbsp;<\/p>\n<p>Tenemos un compromiso con la calidad de vida del municipio, por ello dedicamos especial atenci\u00f3n en\u00a0 garantizar el aseo urbano integral, para que sus habitantes, visitantes y fuerza de trabajo convivan en armon\u00eda con el medio ambiente.[\/vc_column_text][\/vc_column][\/vc_row][vc_row css_animation=\u00bb\u00bb row_type=\u00bbrow\u00bb use_row_as_full_screen_section=\u00bbno\u00bb type=\u00bbfull_width\u00bb angled_section=\u00bbno\u00bb text_align=\u00bbleft\u00bb background_image_as_pattern=\u00bbwithout_pattern\u00bb el_class=\u00bbocultar\u00bb z_index=\u00bb\u00bb][vc_column][vc_row_inner row_type=\u00bbrow\u00bb type=\u00bbgrid\u00bb text_align=\u00bbleft\u00bb css_animation=\u00bb\u00bb css=\u00bb.vc_custom_1537801840236{padding-bottom: 50px !important;}\u00bb][vc_column_inner offset=\u00bbvc_hidden-sm vc_hidden-xs\u00bb][vc_column_text css=\u00bb.vc_custom_1537817258372{padding-bottom: 30px !important;}\u00bb]<\/p>\n<div class=\"row texto\">\n<div class=\"col-sm-6 col-md-5\">\n<h2 class=\"text-center\" style=\"text-align: center;\">Flota de Camiones<\/h2>\n<\/div>\n<\/div>\n<p>[\/vc_column_text][vc_column_text][masterslider id=\u00bb2&#8243;][\/vc_column_text][\/vc_column_inner][\/vc_row_inner][\/vc_column][\/vc_row][vc_row css_animation=\u00bb\u00bb row_type=\u00bbrow\u00bb use_row_as_full_screen_section=\u00bbno\u00bb type=\u00bbfull_width\u00bb angled_section=\u00bbno\u00bb text_align=\u00bbleft\u00bb background_image_as_pattern=\u00bbwithout_pattern\u00bb][vc_column][vc_row_inner row_type=\u00bbrow\u00bb type=\u00bbgrid\u00bb text_align=\u00bbleft\u00bb css_animation=\u00bb\u00bb css=\u00bb.vc_custom_1539015340120{padding-bottom: 50px !important;}\u00bb el_class=\u00bbempresas_grupo\u00bb][vc_column_inner width=\u00bb1\/2&#8243;]<div class=\"custom_font_holder\" style=\" font-size: 26px; line-height: 26px; font-style: normal; font-weight: 300; color: #ffffff; text-decoration: none; background-color: #4cb700; padding: 20px; text-align: left;\">Compromiso con la Calidad<\/div>[vc_column_text]Es nuestro compromiso la prestaci\u00f3n de los servicios de recolecci\u00f3n de desechos s\u00f3lidos y limpieza urbana, de forma oportuna, continua, confiable, socialmente responsable, en armon\u00eda con el medio ambiente y dentro del marco legal, satisfaciendo las necesidades y expectativas de los clientes, a trav\u00e9s del mejoramiento continuo del Sistema de Gesti\u00f3n de Calidad, contando actualmente con servicios de Atenci\u00f3n al Usuario y sistema documental QWEB Documents.[\/vc_column_text][\/vc_column_inner][vc_column_inner width=\u00bb1\/2&#8243;]<div class=\"custom_font_holder\" style=\" font-size: 26px; line-height: 26px; font-style: normal; font-weight: 300; color: #ffffff; text-decoration: none; background-color: #4cb700; padding: 20px; text-align: left;\">Certificaci\u00f3n ISO 9001:2008<\/div>[vc_column_text]La trayectoria, el conocimiento del sector y la calidad de servicio de Fospuca Baruta C.A, fue reconocida en 2005 con la Certificaci\u00f3n ISO: 9001 gracias al servicio del 0501-Fospuca, por nuestro modelo de atenci\u00f3n al usuario. Un aval internacional que ha sido revalidado por 13 a\u00f1os consecutivos y que convirti\u00f3 a la organizaci\u00f3n en la \u00fanica Empresa recolectora de desechos s\u00f3lidos en Venezuela que ha obtenido una certificaci\u00f3n de calidad, ratificando nuestro compromiso con la mejora continua y satisfacci\u00f3n del cliente.[\/vc_column_text][\/vc_column_inner][\/vc_row_inner][vc_row_inner row_type=\u00bbrow\u00bb type=\u00bbgrid\u00bb text_align=\u00bbleft\u00bb css_animation=\u00bb\u00bb css=\u00bb.vc_custom_1539015344459{padding-bottom: 50px !important;}\u00bb el_class=\u00bbempresas_grupo\u00bb][vc_column_inner width=\u00bb1\/2&#8243;]<div class=\"custom_font_holder\" style=\" font-size: 26px; line-height: 26px; font-style: normal; font-weight: 300; color: #ffffff; text-decoration: none; background-color: #4cb700; padding: 20px; text-align: left;\">Pol\u00edtica SSA<\/div>[vc_column_text]Es pol\u00edtica de Fospuca asegurar que sus diferentes actividades de trabajo se realicen tomando en consideraci\u00f3n los riesgos asociados al tipo y caracter\u00edsticas operacionales de la empresa, con el objetivo de garantizar la integridad f\u00edsica y la salud de todos sus trabajadores, proteger sus activos e instalaciones y evitar la contaminaci\u00f3n del medio ambiente.[\/vc_column_text][\/vc_column_inner][vc_column_inner width=\u00bb1\/2&#8243;]<div class=\"custom_font_holder\" style=\" font-size: 26px; line-height: 26px; font-style: normal; font-weight: 300; color: #ffffff; text-decoration: none; background-color: #4cb700; padding: 20px; text-align: left;\">Infraestructura Tecnol\u00f3gica<\/div>[vc_column_text]<\/p>\n<div class=\"col-sm-6 col-md-6\">\n<section class=\"contenido\">\n<div class=\"container\">\n<div class=\"row\">\n<div class=\"col-md-10 col-md-offset-1\">\n<div class=\"row texto\">\n<div class=\"col-sm-6 col-md-6\">\n<p>Fospuca cuenta en su oficina principal con una infraestructura IT, la cual le permite comunicarse y prestar servicio a sus oficinas for\u00e1neas a trav\u00e9s de un enlace de microondas y una conexi\u00f3n a Internet, este enlace permite la conexi\u00f3n punto a punto de los servidores y de las centrales telef\u00f3nicas IP.<\/p>\n<p>Poseemos un servidor de dominio, correo, archivos y de aplicaciones que dan servicio a los usuarios internos y remotos, a trav\u00e9s de la VPN e Internet, tambi\u00e9n contamos con modernos equipos de control de acceso a las instalaciones, circuitos cerrados de televisi\u00f3n (CCTV) que brinda seguridad a los activos de la empresa. Las conexiones entrantes y salientes est\u00e1n protegidas, se filtran a los usuarios y a los sitios que estos pueden acceder.<\/p>\n<p>Nuestra sala de servidores est\u00e1 conformada por una moderna infraestructura tecnol\u00f3gica que cuenta con las configuraciones y capacidades necesarias para soportar las operaciones de las empresas considerando la capacidad necesaria para un crecimiento futuro.<\/p><\/div>\n<\/div>\n<\/div>\n<\/div>\n<\/div>\n<\/section>\n<section class=\"trayectoria text-center\"><\/section>\n<\/div>\n<p>[\/vc_column_text][\/vc_column_inner][\/vc_row_inner][\/vc_column][\/vc_row]<\/p>\n","protected":false},"excerpt":{"rendered":"<p>[vc_row css_animation=\u00bb\u00bb row_type=\u00bbrow\u00bb use_row_as_full_screen_section=\u00bbno\u00bb type=\u00bbgrid\u00bb angled_section=\u00bbno\u00bb text_align=\u00bbleft\u00bb background_image_as_pattern=\u00bbwithout_pattern\u00bb z_index=\u00bb\u00bb el_class=\u00bbcentrar-vertical\u00bb css=\u00bb.vc_custom_1537813426960{padding-top: 50px !important;padding-bottom: 50px !important;}\u00bb][vc_column width=\u00bb1\/2&#8243; offset=\u00bbvc_hidden-sm vc_hidden-xs\u00bb][vc_single_image image=\u00bb1694&#8243; img_size=\u00bbfull\u00bb alignment=\u00bbcenter\u00bb qode_css_animation=\u00bb\u00bb][\/vc_column][vc_column width=\u00bb1\/2&#8243;][vc_column_text css=\u00bb.vc_custom_1549573128364{padding-bottom: 20px !important;}\u00bb] INVERSIONES FOSPUCA BARUTA, C.A. [\/vc_column_text][vc_column_text]En Fospuca nos esmeramos por realizar el servicio integral de Aseo Urbano en los 85&#8230;<\/p>\n","protected":false},"author":1,"featured_media":0,"parent":0,"menu_order":0,"comment_status":"closed","ping_status":"closed","template":"full_width.php","meta":{"footnotes":""},"class_list":["post-1138","page","type-page","status-publish","hentry"],"_links":{"self":[{"href":"https:\/\/actualizando.site\/fospuca\/wp-json\/wp\/v2\/pages\/1138","targetHints":{"allow":["GET"]}}],"collection":[{"href":"https:\/\/actualizando.site\/fospuca\/wp-json\/wp\/v2\/pages"}],"about":[{"href":"https:\/\/actualizando.site\/fospuca\/wp-json\/wp\/v2\/types\/page"}],"author":[{"embeddable":true,"href":"https:\/\/actualizando.site\/fospuca\/wp-json\/wp\/v2\/users\/1"}],"replies":[{"embeddable":true,"href":"https:\/\/actualizando.site\/fospuca\/wp-json\/wp\/v2\/comments?post=1138"}],"version-history":[{"count":3,"href":"https:\/\/actualizando.site\/fospuca\/wp-json\/wp\/v2\/pages\/1138\/revisions"}],"predecessor-version":[{"id":2920,"href":"https:\/\/actualizando.site\/fospuca\/wp-json\/wp\/v2\/pages\/1138\/revisions\/2920"}],"wp:attachment":[{"href":"https:\/\/actualizando.site\/fospuca\/wp-json\/wp\/v2\/media?parent=1138"}],"curies":[{"name":"wp","href":"https:\/\/api.w.org\/{rel}","templated":true}]}}