{"id":1357,"date":"2018-12-05T17:57:50","date_gmt":"2018-12-05T17:57:50","guid":{"rendered":"https:\/\/actualizando.site\/fospuca\/?page_id=1357"},"modified":"2019-02-06T11:55:58","modified_gmt":"2019-02-06T11:55:58","slug":"barrido-manual","status":"publish","type":"page","link":"https:\/\/actualizando.site\/fospuca\/barrido-manual\/","title":{"rendered":"Barrido Manual"},"content":{"rendered":"<p>[vc_row css_animation=\u00bb\u00bb row_type=\u00bbrow\u00bb use_row_as_full_screen_section=\u00bbno\u00bb type=\u00bbfull_width\u00bb angled_section=\u00bbno\u00bb text_align=\u00bbleft\u00bb background_image_as_pattern=\u00bbwithout_pattern\u00bb el_class=\u00bbcontent_info\u00bb z_index=\u00bb\u00bb css=\u00bb.vc_custom_1544034379930{margin-bottom: 150px !important;}\u00bb][vc_column width=\u00bb1\/2&#8243; el_class=\u00bbrow_column_cont\u00bb][vc_single_image image=\u00bb1549&#8243; img_size=\u00bb447&#215;450&#8243; alignment=\u00bbcenter\u00bb qode_css_animation=\u00bb\u00bb][\/vc_column][vc_column width=\u00bb1\/2&#8243; el_class=\u00bbrow_column_cont\u00bb][vc_column_text]<\/p>\n<h2>Barrido Manual<\/h2>\n<p>El barrido manual de calles y avenidas que realizan diariamente nuestros trabajadores, caracterizados por su compromiso con el saneamiento ambiental, es una labor que nos honra y enaltece como Empresa.<\/p>\n<p>Es por ello que en Fospuca nos esmeramos en dotar a nuestras cuadrillas de limpieza de las mejores herramientas para el aseo y retiro de desechos s\u00f3lidos localizados en brocales,aceras y dem\u00e1s \u00e1reas peatonales p\u00fablicas, anexas a la vialidad.<\/p>\n<p>Asimismo, apostamos al equilibrio ambiental mediante la implementaci\u00f3n de m\u00e9todos ecol\u00f3gicos en el proceso de aseo urbano. Uno de ellos es la utilizaci\u00f3n de carritos de f\u00e1cil limpieza, que no emplean bolsas pl\u00e1sticas para la recolecci\u00f3n de los residuos.<\/p>\n<p>En cada ruta que recorremos dejamos constancia de la dedicaci\u00f3n y esmero nuestros barredores, quienes trabajan para beneficio de la ciudadan\u00eda, la comunidad y el pa\u00eds.[\/vc_column_text][\/vc_column][\/vc_row]<\/p>\n","protected":false},"excerpt":{"rendered":"<p>[vc_row css_animation=\u00bb\u00bb row_type=\u00bbrow\u00bb use_row_as_full_screen_section=\u00bbno\u00bb type=\u00bbfull_width\u00bb angled_section=\u00bbno\u00bb text_align=\u00bbleft\u00bb background_image_as_pattern=\u00bbwithout_pattern\u00bb el_class=\u00bbcontent_info\u00bb z_index=\u00bb\u00bb css=\u00bb.vc_custom_1544034379930{margin-bottom: 150px !important;}\u00bb][vc_column width=\u00bb1\/2&#8243; el_class=\u00bbrow_column_cont\u00bb][vc_single_image image=\u00bb1549&#8243; img_size=\u00bb447&#215;450&#8243; alignment=\u00bbcenter\u00bb qode_css_animation=\u00bb\u00bb][\/vc_column][vc_column width=\u00bb1\/2&#8243; el_class=\u00bbrow_column_cont\u00bb][vc_column_text] Barrido Manual El barrido manual de calles y avenidas que realizan diariamente nuestros trabajadores, caracterizados por su compromiso con el saneamiento ambiental, es una&#8230;<\/p>\n","protected":false},"author":1,"featured_media":0,"parent":0,"menu_order":0,"comment_status":"closed","ping_status":"closed","template":"full_width.php","meta":{"footnotes":""},"class_list":["post-1357","page","type-page","status-publish","hentry"],"_links":{"self":[{"href":"https:\/\/actualizando.site\/fospuca\/wp-json\/wp\/v2\/pages\/1357","targetHints":{"allow":["GET"]}}],"collection":[{"href":"https:\/\/actualizando.site\/fospuca\/wp-json\/wp\/v2\/pages"}],"about":[{"href":"https:\/\/actualizando.site\/fospuca\/wp-json\/wp\/v2\/types\/page"}],"author":[{"embeddable":true,"href":"https:\/\/actualizando.site\/fospuca\/wp-json\/wp\/v2\/users\/1"}],"replies":[{"embeddable":true,"href":"https:\/\/actualizando.site\/fospuca\/wp-json\/wp\/v2\/comments?post=1357"}],"version-history":[{"count":0,"href":"https:\/\/actualizando.site\/fospuca\/wp-json\/wp\/v2\/pages\/1357\/revisions"}],"wp:attachment":[{"href":"https:\/\/actualizando.site\/fospuca\/wp-json\/wp\/v2\/media?parent=1357"}],"curies":[{"name":"wp","href":"https:\/\/api.w.org\/{rel}","templated":true}]}}