{"id":15525,"date":"2017-05-25T15:51:55","date_gmt":"2017-05-25T15:51:55","guid":{"rendered":"https:\/\/actualizando.site\/kimiceg\/?page_id=15525"},"modified":"2017-08-06T14:09:07","modified_gmt":"2017-08-06T18:09:07","slug":"medicamentos-otc","status":"publish","type":"page","link":"https:\/\/actualizando.site\/kimiceg\/medicamentos-otc\/","title":{"rendered":"Medicamentos OTC"},"content":{"rendered":"<div class=\"wpb-content-wrapper\"><p>[vc_row css_animation=&#8221;&#8221; row_type=&#8221;row&#8221; use_row_as_full_screen_section=&#8221;no&#8221; type=&#8221;full_width&#8221; angled_section=&#8221;no&#8221; text_align=&#8221;left&#8221; background_image_as_pattern=&#8221;without_pattern&#8221;][vc_column width=&#8221;1\/3&#8243;][vc_single_image image=&#8221;15620&#8243; img_size=&#8221;full&#8221; qode_css_animation=&#8221;&#8221;][\/vc_column][vc_column width=&#8221;2\/3&#8243;][vc_column_text]<\/p>\n<h3>Clotrimazol 2%<\/h3>\n<p>[\/vc_column_text][vc_separator type=&#8221;normal&#8221; color=&#8221;#00af2b&#8221; down=&#8221;20&#8243;][vc_column_text]<b>COMPOSICI\u00d3N:<\/b><\/p>\n<p><span style=\"font-weight: 400;\">Clotrimazol.<\/span><\/p>\n<p><b>INDICACIONES:<\/b><\/p>\n<p><span style=\"font-weight: 400;\">Tratamiento de infecciones genitales causadas por hongos y levaduras.<\/span><\/p>\n<p><b>ADVERTENCIAS:<\/b><\/p>\n<p><span style=\"font-weight: 400;\">Si est\u00e1 embarazada o en per\u00edodo de lactancia, consulte al m\u00e9dico antes de usar. Si presenta por 1\u00ba vez los s\u00edntomas caracter\u00edsticos de una infecci\u00f3n vaginal consulte al m\u00e9dico antes de usar. Si los s\u00edntomas no mejoran en 3 a 4 d\u00edas, consulte con el m\u00e9dico. Puede producir da\u00f1o en materiales a base de l\u00e1tex: Condones y diafragmas vaginales.<\/span><\/p>\n<p><b>POSOLOGIA:<\/b><\/p>\n<p><span style=\"font-weight: 400;\">Una aplicaci\u00f3n diaria intravaginal (5 g) en la noche, preferiblemente antes de acostarse.<\/span><\/p>\n<p><b>PRESENTACI\u00d3N:<\/b><\/p>\n<p><span style=\"font-weight: 400;\">Crema vaginal al 1 %: Tubo con 40 g y 7 aplicadores. E.F.G. 34.772. Crema vaginal al 2 %: Tubo con 20 g y 3 aplicadores. E.F.G. 35.192<\/span>[\/vc_column_text][\/vc_column][\/vc_row][vc_row css_animation=&#8221;&#8221; row_type=&#8221;row&#8221; use_row_as_full_screen_section=&#8221;no&#8221; type=&#8221;full_width&#8221; angled_section=&#8221;no&#8221; text_align=&#8221;left&#8221; background_image_as_pattern=&#8221;without_pattern&#8221; padding_top=&#8221;80&#8243;][vc_column width=&#8221;1\/3&#8243;][vc_single_image image=&#8221;15621&#8243; img_size=&#8221;full&#8221; qode_css_animation=&#8221;&#8221;][\/vc_column][vc_column width=&#8221;2\/3&#8243;][vc_column_text]<\/p>\n<h3>Clotrimazol 10%<\/h3>\n<p>[\/vc_column_text][vc_separator type=&#8221;normal&#8221; color=&#8221;#00af2b&#8221; down=&#8221;20&#8243;][vc_column_text]<b>COMPOSICI\u00d3N:<\/b><\/p>\n<p><span style=\"font-weight: 400;\">Clotrimazol.<\/span><\/p>\n<p><b>INDICACIONES:<\/b><\/p>\n<p><span style=\"font-weight: 400;\">Tratamiento de infecciones genitales causadas por hongos y levaduras.<\/span><\/p>\n<p><b>ADVERTENCIAS:<\/b><\/p>\n<p><span style=\"font-weight: 400;\">Si est\u00e1 embarazada o en per\u00edodo de lactancia, consulte al m\u00e9dico antes de usar. Si presenta por 1\u00ba vez los s\u00edntomas caracter\u00edsticos de una infecci\u00f3n vaginal consulte al m\u00e9dico antes de usar. Si los s\u00edntomas no mejoran en 3 a 4 d\u00edas, consulte con el m\u00e9dico. Puede producir da\u00f1o en materiales a base de l\u00e1tex: Condones y diafragmas vaginales.<\/span><\/p>\n<p>&nbsp;<\/p>\n<p><b>POSOLOGIA:<\/b><\/p>\n<p><span style=\"font-weight: 400;\">Una aplicaci\u00f3n diaria intravaginal (5 g) en la noche, preferiblemente antes de acostarse.<\/span><\/p>\n<p><b>PRESENTACI\u00d3N:<\/b><\/p>\n<p><span style=\"font-weight: 400;\">Crema vaginal al 1 %: Tubo con 40 g y 7 aplicadores. E.F.G. 34.772. Crema vaginal al 2 %: Tubo con 20 g y 3 aplicadores. E.F.G. 35.192<\/span>[\/vc_column_text][\/vc_column][\/vc_row][vc_row css_animation=&#8221;&#8221; row_type=&#8221;row&#8221; use_row_as_full_screen_section=&#8221;no&#8221; type=&#8221;full_width&#8221; angled_section=&#8221;no&#8221; text_align=&#8221;left&#8221; background_image_as_pattern=&#8221;without_pattern&#8221; padding_top=&#8221;80&#8243;][vc_column width=&#8221;1\/3&#8243;][vc_single_image image=&#8221;15623&#8243; img_size=&#8221;full&#8221; qode_css_animation=&#8221;&#8221;][\/vc_column][vc_column width=&#8221;2\/3&#8243;][vc_column_text]<\/p>\n<h3>Terbinafina<\/h3>\n<p>[\/vc_column_text][vc_separator type=&#8221;normal&#8221; color=&#8221;#00af2b&#8221; down=&#8221;20&#8243;][vc_column_text]<b>COMPOSICI\u00d3N<\/b><span style=\"font-weight: 400;\">:<\/span><\/p>\n<p><span style=\"font-weight: 400;\">Terbinafina<\/span><\/p>\n<p><b>INDICACIONES:<\/b><\/p>\n<p><span style=\"font-weight: 400;\">Tratamiento t\u00f3pico del pie de atleta o ti\u00f1a ped\u00eds y la ti\u00f1a inguinal o ti\u00f1a cruris.<\/span><\/p>\n<p><b>ADVERTENCIAS:<\/b><\/p>\n<p><span style=\"font-weight: 400;\">Solo para uso externo. Evitar el contacto con los ojos. Si est\u00e1 embarazada o en per\u00edodo de lactancia consulte con su m\u00e9dico antes de usar este producto. Si los s\u00edntomas persisten y no se observa mejor\u00eda con el uso de este medicamento, susp\u00e9ndase y consulte al m\u00e9dico. No debe ser usado en la cara.<\/span><\/p>\n<p><b>POSOLOGIA:<\/b><\/p>\n<p><span style=\"font-weight: 400;\">Una aplicaci\u00f3n dos veces al d\u00eda en la zona afectada. <\/span><\/p>\n<p><span style=\"font-weight: 400;\">Duraci\u00f3n del tratamiento: de 1 a 2 semanas, de acuerdo a la severidad de la infecci\u00f3n.<\/span><\/p>\n<p><b>PRESENTACI\u00d3N:<\/b><\/p>\n<p><span style=\"font-weight: 400;\">Crema \u00a0al 1 %: Tubo con 15 g . E.F.G. 38.822<\/span>[\/vc_column_text][\/vc_column][\/vc_row][vc_row css_animation=&#8221;&#8221; row_type=&#8221;row&#8221; use_row_as_full_screen_section=&#8221;no&#8221; type=&#8221;full_width&#8221; angled_section=&#8221;no&#8221; text_align=&#8221;left&#8221; background_image_as_pattern=&#8221;without_pattern&#8221; padding_top=&#8221;80&#8243;][vc_column width=&#8221;1\/3&#8243;][vc_single_image image=&#8221;15624&#8243; img_size=&#8221;full&#8221; qode_css_animation=&#8221;&#8221;][\/vc_column][vc_column width=&#8221;2\/3&#8243;][vc_column_text]<\/p>\n<h3>Toxolen<\/h3>\n<p>[\/vc_column_text][vc_separator type=&#8221;normal&#8221; color=&#8221;#00af2b&#8221; down=&#8221;20&#8243;][vc_column_text]<b>COMPOSICI\u00d3N:<\/b><\/p>\n<p><span style=\"font-weight: 400;\">Oxolamina citrato. \u00a0\u00a0\u00a0\u00a0\u00a0\u00a0\u00a0\u00a0\u00a0\u00a0\u00a0\u00a0\u00a0\u00a0\u00a0\u00a0\u00a0\u00a0\u00a0\u00a0\u00a0\u00a0\u00a0<\/span><\/p>\n<p><b>INDICACIONES:<\/b><\/p>\n<p><span style=\"font-weight: 400;\">Antitus\u00edgeno de acci\u00f3n perif\u00e9rica para la tos no productiva. \u00a0\u00a0\u00a0\u00a0\u00a0\u00a0\u00a0\u00a0\u00a0\u00a0\u00a0\u00a0\u00a0\u00a0\u00a0\u00a0\u00a0\u00a0\u00a0\u00a0\u00a0\u00a0\u00a0\u00a0\u00a0\u00a0\u00a0\u00a0\u00a0\u00a0\u00a0\u00a0\u00a0\u00a0\u00a0\u00a0\u00a0\u00a0\u00a0\u00a0\u00a0\u00a0\u00a0<\/span><\/p>\n<p><b>REACCIONES ADVERSAS:<\/b><\/p>\n<p><span style=\"font-weight: 400;\">N\u00e1usea, v\u00f3mito, somnolencia, sequedad de la boca, mareos, palpitaciones,temblor.<\/span><\/p>\n<p><b>ADVERTENCIAS:<\/b><\/p>\n<p><span style=\"font-weight: 400;\">No se administre durante el embarazo o cuando se sospeche su existencia, ni durante la lactancia.<\/span><\/p>\n<p><b>POSOLOGIA:<\/b><\/p>\n<p><span style=\"font-weight: 400;\">Jarabe pedi\u00e1trico 28 mg\/ 5 ml de oxolamina citrato: Ni\u00f1os mayores de 2 a\u00f1os a 6 a\u00f1os: 50 mg (9 ml) cada 6 horas. Ni\u00f1os de 7 a 11 a\u00f1os: 100 (18 ml) \u00a0mg cada 6 horas. Jarabe 50 mg \/ 5 ml de oxolamina citrato: Adulto y ni\u00f1os mayores de 12 a\u00f1os: 100 a 200 mg ( 10 a 20 ml) cada 6 horas.<\/span><\/p>\n<p><b>PRESENTACI\u00d3N:<\/b><\/p>\n<p><span style=\"font-weight: 400;\">Jarabe: \u00a0Pedi\u00e1trico 28 mg \/ 5 ml E.F. 19.503\/15 Fco. 120 ml y Adulto 50 mg \/ 5 ml E.F. 19.631\/15 Fco. 120 ml \u00a0<\/span>[\/vc_column_text][\/vc_column][\/vc_row][vc_row css_animation=&#8221;&#8221; row_type=&#8221;row&#8221; use_row_as_full_screen_section=&#8221;no&#8221; type=&#8221;full_width&#8221; angled_section=&#8221;no&#8221; text_align=&#8221;left&#8221; background_image_as_pattern=&#8221;without_pattern&#8221;][vc_column][vc_empty_space height=&#8221;80px&#8221;][\/vc_column][\/vc_row]<\/p>\n<\/div>","protected":false},"excerpt":{"rendered":"<p>[vc_row css_animation=&#8221;&#8221; row_type=&#8221;row&#8221; use_row_as_full_screen_section=&#8221;no&#8221; type=&#8221;full_width&#8221; angled_section=&#8221;no&#8221; text_align=&#8221;left&#8221; background_image_as_pattern=&#8221;without_pattern&#8221;][vc_column width=&#8221;1\/3&#8243;][vc_single_image image=&#8221;15620&#8243; img_size=&#8221;full&#8221; qode_css_animation=&#8221;&#8221;][\/vc_column][vc_column width=&#8221;2\/3&#8243;][vc_column_text] Clotrimazol 2% [\/vc_column_text][vc_separator type=&#8221;normal&#8221; color=&#8221;#00af2b&#8221; down=&#8221;20&#8243;][vc_column_text]COMPOSICI\u00d3N: Clotrimazol. INDICACIONES: Tratamiento de infecciones genitales causadas por hongos y levaduras. ADVERTENCIAS: Si est\u00e1 embarazada o en per\u00edodo de lactancia, consulte al m\u00e9dico antes de usar&#8230;.<\/p>\n","protected":false},"author":1,"featured_media":0,"parent":0,"menu_order":0,"comment_status":"closed","ping_status":"closed","template":"","meta":{"_monsterinsights_skip_tracking":false,"_monsterinsights_sitenote_active":false,"_monsterinsights_sitenote_note":"","_monsterinsights_sitenote_category":0,"footnotes":""},"class_list":["post-15525","page","type-page","status-publish","hentry"],"yoast_head":"<!-- This site is optimized with the Yoast SEO plugin v26.9 - https:\/\/yoast.com\/product\/yoast-seo-wordpress\/ -->\n<title>Medicamentos OTC - Laboratorios KIMICEG<\/title>\n<meta name=\"robots\" content=\"index, follow, max-snippet:-1, max-image-preview:large, max-video-preview:-1\" \/>\n<link rel=\"canonical\" href=\"https:\/\/actualizando.site\/kimiceg\/medicamentos-otc\/\" \/>\n<meta property=\"og:locale\" content=\"es_ES\" \/>\n<meta property=\"og:type\" content=\"article\" \/>\n<meta property=\"og:title\" content=\"Medicamentos OTC - Laboratorios KIMICEG\" \/>\n<meta property=\"og:description\" content=\"[vc_row css_animation=&#8221;&#8221; row_type=&#8221;row&#8221; use_row_as_full_screen_section=&#8221;no&#8221; type=&#8221;full_width&#8221; angled_section=&#8221;no&#8221; text_align=&#8221;left&#8221; background_image_as_pattern=&#8221;without_pattern&#8221;][vc_column width=&#8221;1\/3&#8243;][vc_single_image image=&#8221;15620&#8243; img_size=&#8221;full&#8221; qode_css_animation=&#8221;&#8221;][\/vc_column][vc_column width=&#8221;2\/3&#8243;][vc_column_text] Clotrimazol 2% [\/vc_column_text][vc_separator type=&#8221;normal&#8221; color=&#8221;#00af2b&#8221; down=&#8221;20&#8243;][vc_column_text]COMPOSICI\u00d3N: Clotrimazol. INDICACIONES: Tratamiento de infecciones genitales causadas por hongos y levaduras. ADVERTENCIAS: Si est\u00e1 embarazada o en per\u00edodo de lactancia, consulte al m\u00e9dico antes de usar....\" \/>\n<meta property=\"og:url\" content=\"https:\/\/actualizando.site\/kimiceg\/medicamentos-otc\/\" \/>\n<meta property=\"og:site_name\" content=\"Laboratorios KIMICEG\" \/>\n<meta property=\"article:publisher\" content=\"https:\/\/www.facebook.com\/Kimiceg\/\" \/>\n<meta property=\"article:modified_time\" content=\"2017-08-06T18:09:07+00:00\" \/>\n<meta name=\"twitter:card\" content=\"summary_large_image\" \/>\n<meta name=\"twitter:site\" content=\"@kimiceg\" \/>\n<meta name=\"twitter:label1\" content=\"Tiempo de lectura\" \/>\n\t<meta name=\"twitter:data1\" content=\"4 minutos\" \/>\n<script type=\"application\/ld+json\" class=\"yoast-schema-graph\">{\"@context\":\"https:\/\/schema.org\",\"@graph\":[{\"@type\":\"WebPage\",\"@id\":\"https:\/\/actualizando.site\/kimiceg\/medicamentos-otc\/\",\"url\":\"https:\/\/actualizando.site\/kimiceg\/medicamentos-otc\/\",\"name\":\"Medicamentos OTC - Laboratorios KIMICEG\",\"isPartOf\":{\"@id\":\"http:\/\/actualizando.site\/kimiceg\/#website\"},\"datePublished\":\"2017-05-25T15:51:55+00:00\",\"dateModified\":\"2017-08-06T18:09:07+00:00\",\"breadcrumb\":{\"@id\":\"https:\/\/actualizando.site\/kimiceg\/medicamentos-otc\/#breadcrumb\"},\"inLanguage\":\"es\",\"potentialAction\":[{\"@type\":\"ReadAction\",\"target\":[\"https:\/\/actualizando.site\/kimiceg\/medicamentos-otc\/\"]}]},{\"@type\":\"BreadcrumbList\",\"@id\":\"https:\/\/actualizando.site\/kimiceg\/medicamentos-otc\/#breadcrumb\",\"itemListElement\":[{\"@type\":\"ListItem\",\"position\":1,\"name\":\"Portada\",\"item\":\"http:\/\/actualizando.site\/kimiceg\/\"},{\"@type\":\"ListItem\",\"position\":2,\"name\":\"Medicamentos OTC\"}]},{\"@type\":\"WebSite\",\"@id\":\"http:\/\/actualizando.site\/kimiceg\/#website\",\"url\":\"http:\/\/actualizando.site\/kimiceg\/\",\"name\":\"Laboratorios KIMICEG\",\"description\":\"Medicamentos Gen\u00e9ricos en Venezuela\",\"potentialAction\":[{\"@type\":\"SearchAction\",\"target\":{\"@type\":\"EntryPoint\",\"urlTemplate\":\"http:\/\/actualizando.site\/kimiceg\/?s={search_term_string}\"},\"query-input\":{\"@type\":\"PropertyValueSpecification\",\"valueRequired\":true,\"valueName\":\"search_term_string\"}}],\"inLanguage\":\"es\"}]}<\/script>\n<!-- \/ Yoast SEO plugin. -->","yoast_head_json":{"title":"Medicamentos OTC - Laboratorios KIMICEG","robots":{"index":"index","follow":"follow","max-snippet":"max-snippet:-1","max-image-preview":"max-image-preview:large","max-video-preview":"max-video-preview:-1"},"canonical":"https:\/\/actualizando.site\/kimiceg\/medicamentos-otc\/","og_locale":"es_ES","og_type":"article","og_title":"Medicamentos OTC - Laboratorios KIMICEG","og_description":"[vc_row css_animation=&#8221;&#8221; row_type=&#8221;row&#8221; use_row_as_full_screen_section=&#8221;no&#8221; type=&#8221;full_width&#8221; angled_section=&#8221;no&#8221; text_align=&#8221;left&#8221; background_image_as_pattern=&#8221;without_pattern&#8221;][vc_column width=&#8221;1\/3&#8243;][vc_single_image image=&#8221;15620&#8243; img_size=&#8221;full&#8221; qode_css_animation=&#8221;&#8221;][\/vc_column][vc_column width=&#8221;2\/3&#8243;][vc_column_text] Clotrimazol 2% [\/vc_column_text][vc_separator type=&#8221;normal&#8221; color=&#8221;#00af2b&#8221; down=&#8221;20&#8243;][vc_column_text]COMPOSICI\u00d3N: Clotrimazol. INDICACIONES: Tratamiento de infecciones genitales causadas por hongos y levaduras. ADVERTENCIAS: Si est\u00e1 embarazada o en per\u00edodo de lactancia, consulte al m\u00e9dico antes de usar....","og_url":"https:\/\/actualizando.site\/kimiceg\/medicamentos-otc\/","og_site_name":"Laboratorios KIMICEG","article_publisher":"https:\/\/www.facebook.com\/Kimiceg\/","article_modified_time":"2017-08-06T18:09:07+00:00","twitter_card":"summary_large_image","twitter_site":"@kimiceg","twitter_misc":{"Tiempo de lectura":"4 minutos"},"schema":{"@context":"https:\/\/schema.org","@graph":[{"@type":"WebPage","@id":"https:\/\/actualizando.site\/kimiceg\/medicamentos-otc\/","url":"https:\/\/actualizando.site\/kimiceg\/medicamentos-otc\/","name":"Medicamentos OTC - Laboratorios KIMICEG","isPartOf":{"@id":"http:\/\/actualizando.site\/kimiceg\/#website"},"datePublished":"2017-05-25T15:51:55+00:00","dateModified":"2017-08-06T18:09:07+00:00","breadcrumb":{"@id":"https:\/\/actualizando.site\/kimiceg\/medicamentos-otc\/#breadcrumb"},"inLanguage":"es","potentialAction":[{"@type":"ReadAction","target":["https:\/\/actualizando.site\/kimiceg\/medicamentos-otc\/"]}]},{"@type":"BreadcrumbList","@id":"https:\/\/actualizando.site\/kimiceg\/medicamentos-otc\/#breadcrumb","itemListElement":[{"@type":"ListItem","position":1,"name":"Portada","item":"http:\/\/actualizando.site\/kimiceg\/"},{"@type":"ListItem","position":2,"name":"Medicamentos OTC"}]},{"@type":"WebSite","@id":"http:\/\/actualizando.site\/kimiceg\/#website","url":"http:\/\/actualizando.site\/kimiceg\/","name":"Laboratorios KIMICEG","description":"Medicamentos Gen\u00e9ricos en Venezuela","potentialAction":[{"@type":"SearchAction","target":{"@type":"EntryPoint","urlTemplate":"http:\/\/actualizando.site\/kimiceg\/?s={search_term_string}"},"query-input":{"@type":"PropertyValueSpecification","valueRequired":true,"valueName":"search_term_string"}}],"inLanguage":"es"}]}},"_links":{"self":[{"href":"https:\/\/actualizando.site\/kimiceg\/wp-json\/wp\/v2\/pages\/15525","targetHints":{"allow":["GET"]}}],"collection":[{"href":"https:\/\/actualizando.site\/kimiceg\/wp-json\/wp\/v2\/pages"}],"about":[{"href":"https:\/\/actualizando.site\/kimiceg\/wp-json\/wp\/v2\/types\/page"}],"author":[{"embeddable":true,"href":"https:\/\/actualizando.site\/kimiceg\/wp-json\/wp\/v2\/users\/1"}],"replies":[{"embeddable":true,"href":"https:\/\/actualizando.site\/kimiceg\/wp-json\/wp\/v2\/comments?post=15525"}],"version-history":[{"count":0,"href":"https:\/\/actualizando.site\/kimiceg\/wp-json\/wp\/v2\/pages\/15525\/revisions"}],"wp:attachment":[{"href":"https:\/\/actualizando.site\/kimiceg\/wp-json\/wp\/v2\/media?parent=15525"}],"curies":[{"name":"wp","href":"https:\/\/api.w.org\/{rel}","templated":true}]}}